ose 3*j - 20 = -v*j. Suppose -c + 146 = -3*n, -n = -j*c - 3*n + 654. Is c prime?
False
Is ((-366)/9)/(2/(-21)) a prime number?
False
Let l = 3 + -3. Suppose 3*n + z - 1760 = l, z = 5*n - 1408 - 1528. Is n prime?
True
Suppose -2*r + r - 2*y = 339, 0 = -3*y - 9. Let c = -134 - 50. Let w = c - r. Is w a composite number?
False
Suppose 3*v + y + 7 = 8*v, -y = -3. Let i be (-2)/3 - 4/(-6). Suppose t + 3*w = -v, -18 = -3*t - i*t - w. Is t a composite number?
False
Suppose 4*f = -5*m + 3*f - 1121, f = m + 223. Is (13/2)/((-16)/m) a composite number?
True
Let r(k) = 399*k + 8. Is r(1) a composite number?
True
Suppose -2*v + 27 = -3*x + v, -11 = x + v. Let a be (0/3 + -1)*x. Is a - (1 + -1 - 1) composite?
False
Let o(z) = 28*z**2 - 15*z - 6. Is o(7) a composite number?
True
Suppose 2*d + h + 6 = 3*h, 4*d + h - 3 = 0. Suppose -2*m - 2*l + 266 = d, -4*m - 5*l + 50 = -482. Is m a composite number?
True
Let r = 37 + -25. Suppose -2*t + 10 + r = 0. Is t a prime number?
True
Suppose -2*t - 4*k = -4*t + 12, 3*t + 5*k = -15. Suppose t*y - 5*y = -15. Is 256/y + (-1)/3 a prime number?
False
Let n = -423 + 697. Is n a composite number?
True
Suppose -5*o - 50 - 40 = 0. Let u = 19 - o. Is u composite?
False
Suppose 5*i - 3*i - 68 = 0. Let m = i + -14. Is 1 - (-3)/(6/m) composite?
False
Suppose -2*o + 8 = -y, 3*y + 14 = o + 3*o. Let u be (-1)/o - 117/15. Is 2/u*2*-20 composite?
True
Suppose 0 = -3*z - 3*o + 66, -4*o + 0*o = 5*z - 107. Is z composite?
False
Suppose 3*a = -2*t + 20, 3*a - 3*t - 15 = -0*a. Is a composite?
True
Suppose -6*a + 5*a + 979 = 0. Is a composite?
True
Let r = -26 - -27. Let z = 11 + -15. Is r + 26 + z/2 prime?
False
Suppose -y + 11 = 3*v, -5*v - y + 6 + 9 = 0. Suppose 0*d = v*d, 2*u = 3*d + 290. Suppose 2*q - u = -27. Is q a prime number?
True
Let x(d) = -d**2 + 10*d - 3. Let t be x(6). Let j = 69 - t. Let w = j - 15. Is w composite?
True
Let b be (4/10)/(2/100). Let l = b - -11. Is l prime?
True
Let h(q) = -14*q + 3. Is h(-8) prime?
False
Suppose -3*t = -4*t + 66. Suppose 822 = 4*z - 2*j, 2*j - t = -4*z + 736. Is z prime?
False
Suppose 4 - 8 = -2*q. Suppose -q*y = -64 - 74. Is y a prime number?
False
Suppose 0 = h - 827 - 173. Suppose -4*x - 348 = -h. Is x prime?
True
Let a be 57275/20 - (-1)/4. Suppose 2*o - a = 2*w, o + o - 5*w - 2861 = 0. Suppose 4*s = 195 + o. Is s composite?
True
Let z be -2 - (-3*5)/3. Is (-64)/((-6)/z) - 1 a prime number?
True
Let z(c) = 17*c**2 + 5*c + 2. Is z(-4) composite?
True
Let k be (-3)/(-6) + 10/4. Let o = 4 - k. Suppose i = -3*r + 35, -3*i = -o - 5. Is r a composite number?
False
Suppose 2*p + 0*p = 4*d - 3064, 0 = 5*d + 5*p - 3845. Suppose -2*y - 342 = -m - 1089, -d = -2*y + 5*m. Is y a prime number?
False
Let n(j) = -j**3 - 4*j**2 + 5*j + 10. Is n(-5) composite?
True
Suppose 4 = -4*u, -3 = 2*q - u - 4*u. Let c(w) be the third derivative of -5*w**4/24 - w**3/6 - 6*w**2. Is c(q) a prime number?
True
Let y(b) = b**2 - 4*b - 10. Let j be y(-11). Suppose -q - j = -6*q. Is q a composite number?
False
Let y(v) = -54*v + 1. Suppose -3 = -5*z + 6*z. Is y(z) prime?
True
Suppose 4*q = -3*n - q + 29, n = -4*q + 12. Suppose -7*w + n*w = 49. Is w a composite number?
True
Is (4/(-6))/2*75912/(-8) prime?
True
Suppose 2*f + 3*k - 188 = -22, 4*f = 4*k + 372. Is f a composite number?
False
Let g(b) = -10*b - 52. Let k(j) = 3*j + 17. Let f(z) = 2*g(z) + 7*k(z). Is f(0) a prime number?
False
Suppose -4*a - 142 = 2*h, -2*h - 8 - 116 = -5*a. Let v = 136 + h. Is v composite?
True
Let t = 399 - 218. Suppose 422 = 3*c - t. Is c prime?
False
Let g(r) = -r**3 + r + 3*r**2 - 2*r - 2*r**2 + 33 + 2*r**3. Let s be 2/(-4) - (-2)/4. Is g(s) composite?
True
Let f(z) = 4*z**2 + 11 + 4 - 3*z**2. Let y be f(0). Let p = y + -9. Is p composite?
True
Suppose 26*w = 20*w + 1074. Is w prime?
True
Let w = -1758 - -2881. Is w a prime number?
True
Let i be (-3 + -5)/(-3 + 1). Suppose -4*n + 4*k = -20, k + 3*k = -i*n + 44. Is 42/2 - n/(-4) prime?
True
Suppose 0 = -2*n + 4*n + 420. Let q = n - -373. Is q a prime number?
True
Let p = -349 - -786. Is p composite?
True
Suppose 0 = 15*s + 18777 - 64062. Is s a composite number?
False
Let p(s) = -s**2 - 5*s + 2. Let r be p(-5). Suppose 0 = -r*h + 21 + 217. Is h composite?
True
Let g be 2/3 + 13314/9. Suppose 4*q - 2*t = g, 4*q - 1486 = -0*t - t. Is q a composite number?
True
Let x(y) = -8*y**3 + 2*y**2 - 4*y. Let q be x(-4). Suppose 5*g = 5*r + 471 + 39, -5*g + q = 5*r. Let a = g + -16. Is a a composite number?
True
Suppose -2*x - x = 3*c - 9, x - 5*c - 15 = 0. Suppose x*j + 699 = 1954. Is j a composite number?
False
Let h be 0 + 19*1/1. Suppose -4*f + h = -5. Is f a prime number?
False
Let d be (-4 - -2)*1*-1. Is (5 - d) + (0 - -116) a composite number?
True
Suppose -o + 4*o = 0. Suppose o = 2*q - 19 - 17. Let t = q + -5. Is t a prime number?
True
Let l be (-36)/10*30/(-12). Is (-65)/(-3) - (-3)/l prime?
False
Let l(w) = -2*w**2 + 4*w + 5. Let t(z) = 5*z**2 - 7*z - 10. Let r(s) = 7*l(s) + 3*t(s). Let k(f) = -f**3 + 13*f**2 - 8. Let g be k(13). Is r(g) a prime number?
True
Suppose 5*u = 3*h - 1577, -3*u - 2552 = -4*h - 442. Is h prime?
False
Suppose -2*h - 3*r = -6*h + 3059, -5*h = -3*r - 3820. Is h composite?
False
Let x(o) = -1 + 6*o + 2*o**2 - o**2 - 3*o**2 + o**3. Is x(4) prime?
False
Let o(j) be the third derivative of 14*j**6/15 - j**5/60 + j**4/24 - j**3/6 + j**2. Suppose 7*l - 3 = 4. Is o(l) composite?
True
Suppose -4*c + 3*r + 705 = -1456, -r + 1 = 0. Is c a prime number?
True
Let f = 4 - 2. Let d be (-1)/(f/(-8) + 0). Suppose 2*z - 2*o + 56 = 296, d*z - o = 489. Is z composite?
True
Let k = 6 + -1. Suppose 2*h = -2*h - 5*q + 39, k*h = -2*q + 36. Suppose 5*m + 37 = h*m. Is m a composite number?
False
Let m(t) be the first derivative of t**4/4 - t**2 + 2. Is m(7) prime?
False
Suppose 20*j + 211 = 21*j. Is j prime?
True
Let t(f) = 126*f**2 + f. Is t(1) a prime number?
True
Let r be (-446)/(-6) + (-1)/3. Let p = r - 39. Is p prime?
False
Suppose -4 + 12 = 2*f. Suppose -5*i - 11 = s - 4, 9 = -f*s - i. Is (-1)/s*2 + 12 composite?
False
Let k = -395 + 638. Suppose c + c + k = z, 2*c - 231 = -z. Is z composite?
True
Suppose 0 = 6*r - 3*r + 6, -5*r + 122 = 4*t. Is t a composite number?
True
Let l(h) = 3*h**3 + 9*h**2 - 6*h - 1. Let o(r) = 4*r**3 + 9*r**2 - 6*r - 1. Let y(g) = 5*l(g) - 4*o(g). Is y(5) composite?
True
Suppose -2*x + 705 = 95. Is x prime?
False
Suppose 6*n = 9*n - 333. Is n a prime number?
False
Let k = 142 - 8. Is k composite?
True
Let n = 0 - -4. Let d(b) = 2*b**3 - 6*b**2 + 4*b - 1. Is d(n) prime?
True
Let l be (-4)/(-16) + 7/4. Suppose l*z + 3 = 31. Suppose 2*m + z = 76. Is m composite?
False
Let w(a) = a**3 + 12*a**2 + 4. Let f be w(-12). Suppose -f*c = 5*r - 0*c - 1549, r = -2*c + 311. Is r a prime number?
False
Let l(h) = 5*h + 72. Let j(f) = -f - 18. Let s(t) = -9*j(t) - 2*l(t). Let v be -1*(1/1 + -9). Is s(v) a composite number?
True
Let d(z) = -3*z**2 + 4*z - 1 + z**2 - z**2 + 4*z**2. Let j = -16 + 22. Is d(j) prime?
True
Let l(h) = h + 10. Let r be l(0). Let u = -1 - r. Is (-735)/u + (-6)/(-33) composite?
False
Let f be ((-18)/(-15))/((-2)/(-5)). Suppose f*h - 430 - 59 = 0. Is h a prime number?
True
Is 1 - -2 - (-76)/1 prime?
True
Let g = 6 + -2. Suppose 4*o - 5*a + 10 = 0, 3*o + 0*o = 5*a - 10. Suppose n - 5*q - 40 = o, 0 = 3*n - 5*n - g*q + 38. Is n a composite number?
True
Let n(q) = 2*q**3 + 2 + 6*q - 3*q**3 - 2*q**2 + q**2 - q**2. Is n(-4) composite?
True
Let s(d) = d - 1 - 2*d + 2*d**3 + 4*d**2 + 3*d - d**3. Let h be s(-3). Suppose 0 = -h*m - 2*m + 232. Is m composite?
True
Let o be (-4)/2*36/(-8). Let h be o + -6 - (-1 - -4). Suppose v + 3*z - 220 = 0, 2*v - 3*z + 54 - 449 = h. Is v a prime number?
False
Let t be 2*(0 + -1)*-1. Is (-1*t)/((-20)/2110) prime?
True
Is (-1722)/(-9)*3/2 prime?
False
Let u be -1 + 1 + 2 - 2. Suppose 0 = 2*s + 3*i - 859, i + 847 = -u*s + 2*s. Suppose 3*m - 5*j = -2*m + s, -5*j + 97 = m. Is m prime?
False
Let a be -2*50 - 2 - -3. Let p = a - -154. Is p composite?
True
Let i = -78 + 385. Is i a prime number?
True
Suppose 0 = -2*g + 2, 2*z + 5*g - 278 - 301 = 0. Is z composite?
True
Let r(i) = 4*i - 3. Let k be r(2). Suppose 2*p = 2*q + k*p - 335, 0 = 5*q - 2*p - 809. Is q a prime number?
True
Suppose 0 = -5*q - 3*h + 23, -3*q - 3*h = -h - 14. Supp